when x is divided by 5.
3
Suppose -56 = -2*b - 2*h, -121 = -5*b + 2*h + 40. Calculate the remainder when 86 is divided by b.
24
Suppose -6 = -n + 5*d - d, 3*d + 27 = -3*n. Let x = n - -16. Calculate the remainder when 19 is divided by x.
9
Suppose -5*h = -82 - 13. Suppose -5*o + 10 = 0, 4*o + 104 + 180 = 4*k. What is the remainder when k is divided by h?
16
What is the remainder when 218/((-1 - -3) + 0) is divided by 28?
25
Suppose 3*u = 2*u - 5*w + 27, -5*u + 77 = -4*w. Suppose -4*o + 14 = -6. Calculate the remainder when u is divided by o.
2
Let y = -6 + 21. What is the remainder when 42 is divided by y?
12
Let c = -38 + 51. Suppose -56 = -g - 18. Calculate the remainder when g is divided by c.
12
Let b = 87 - 65. Let x = 15 - 7. Calculate the remainder when b is divided by x.
6
Suppose -4*u - 5*p + 190 = -0*p, -3*p - 206 = -4*u. Suppose k - 6*k + u = 0. Calculate the remainder when k is divided by 6.
4
Let x(b) = -9*b + 6. What is the remainder when x(-6) is divided by 21?
18
Let k = -17 - -30. What is the remainder when 49 is divided by k?
10
Let k(b) = 3*b - 5. Let l be k(3). What is the remainder when 0 + -2 + l*6 is divided by 6?
4
Suppose 2*i + 5 = 5*m, 2*m + 5*i - 2 = i. What is the remainder when -1 - 1 - (-1 + -18) is divided by (m - -1) + (10 - 3)?
8
Suppose -3*b + 46 = 19. What is the remainder when 30 is divided by b?
3
Suppose 0 = 4*x - 69 - 39. Calculate the remainder when x is divided by 15.
12
Let u(n) = 3*n + 194. What is the remainder when u(0) is divided by 40?
34
Let s = -42 + 54. Calculate the remainder when 14 is divided by s.
2
Let m = -4 + 19. Suppose g = 2*r + 2*r + 24, 2*g + 12 = -4*r. Suppose 2*a = g*a - 56. Calculate the remainder when a is divided by m.
13
What is the remainder when 30 + (12/36)/((-2)/6) is divided by 18?
11
Let x be -3 - 3/6*-6. Suppose -2*d = -x - 46. Calculate the remainder when d is divided by 6.
5
Let m = 63 - -21. Suppose -3*q + k - 24 = -87, m = 4*q - 4*k. Calculate the remainder when 82 is divided by q.
19
Let s(l) = -l**2 + 13*l - 2. Calculate the remainder when 36 is divided by s(12).
6
Let c(r) = -r**2 - 50. Let n be c(0). Let w = 36 + n. What is the remainder when 0/2 - w/2 is divided by 3?
1
Calculate the remainder when (5 + -1)/((-4)/(-22)) is divided by 9.
4
Let b(x) = -x**3 - 8*x**2 - 12*x - 1. Let l be b(-8). Suppose -2*c + 7*c = l. Calculate the remainder when c is divided by ((-14 - 0)/(-1))/2.
5
What is the remainder when (23 - 0) + -7 + 8 is divided by 5?
4
Let h = -7 - -39. Calculate the remainder when h is divided by 17 + 0/1*1.
15
Calculate the remainder when (-2)/(-7) - (-222)/7 is divided by (1 - (-3 + 3))*17.
15
Let n(s) = 2*s + 25. Suppose 0*o = 2*o - 18. Let x = o + -4. What is the remainder when x is divided by n(-11)?
2
Suppose j + 4*y - 47 = -y, 2*y = 4. Calculate the remainder when j is divided by 14.
9
Let x be 18/8*20/15. Suppose -3*k = 3*c - 51, -k - 29 + 78 = x*c. What is the remainder when 45 is divided by c?
13
Let g = 9 - -6. Calculate the remainder when (g/(-1))/((-12)/20) is divided by 9.
7
Let f(j) = -j - 1. Let c(v) = v**2 + v - 3. Let z be c(-3). Let y be f(z). What is the remainder when ((-78)/(-9))/(y/(-6)) is divided by 5?
3
Suppose -3*a = -q + 12, -2*a = -3 - 7. Let j = q - 16. What is the remainder when 32 is divided by j?
10
Suppose -592 = -7*t - t. Calculate the remainder when t is divided by 15.
14
Suppose -w = x + 4*x - 7, 0 = -3*w - 5*x + 11. Let c(l) = -2*l + 1. Let m be c(-1). Let g = 1 + m. What is the remainder when g is divided by w?
0
Suppose -2*o - 2 = -12. Suppose 0 = -2*p + o*p - 45. Suppose -r + 6*r - 20 = 0. Calculate the remainder when p is divided by r.
3
Let j = 23 - 21. Suppose -j*p - 210 = -7*p. What is the remainder when p is divided by 15?
12
Suppose 4*u + 159 - 19 = 5*w, -3*w = -5*u - 71. What is the remainder when w is divided by 11?
10
Let b = 5 + 4. Suppose b + 27 = 3*n. Calculate the remainder when 35 is divided by n.
11
Let h = 32 + -17. Suppose -2*v - a + h = 4, -4*a - 28 = -v. What is the remainder when v is divided by 3?
2
Let w = 270 - 180. Suppose 2 = 2*j - w. Suppose b - 12 = 4. What is the remainder when j is divided by b?
14
Let z(h) = -2*h**2 - 6*h + 4. Suppose 0 = p - 5*p - 32. Let l be z(p). Calculate the remainder when l/(-6) - (-1)/3 is divided by 5.
3
Let s be (7 + -2)*4/(-10). Let p = 147 - 95. What is the remainder when p is divided by 0 + -1 + (-38)/s?
16
Let c(h) = 24*h - 1. What is the remainder when 66 is divided by c(1)?
20
Suppose -6*y - 5*o + 99 = -2*y, y = 3*o + 12. Calculate the remainder when y is divided by 12.
9
Let b(y) = -y**2 - 11*y + 3. Calculate the remainder when b(-8) is divided by 14.
13
Suppose 0*a - 55 = -5*a. Let j = 108 + -76. Calculate the remainder when j is divided by a.
10
Suppose -3*g - 4*q + 2 = 0, -4*q = 3*g - g + 4. Suppose g*p - 9 = 3*p. Let h = p + 0. Calculate the remainder when 11 is divided by h.
2
Suppose k = -0*k - 3*d - 5, -5*k - d - 11 = 0. Calculate the remainder when (0 - k) + 40/1 is divided by (0 - 33)*(-2)/3.
20
Suppose 60 = 3*l - 27. What is the remainder when l is divided by 6?
5
Let y = -190 - -375. Calculate the remainder when y is divided by 48.
41
Let t = 10 - 6. Suppose -70 = -t*w - w. Let q = 20 - 12. What is the remainder when w is divided by q?
6
Let p = -18 + 20. Suppose -h - p*u + 11 = 0, -5*h - 5*u = -h - 47. What is the remainder when h is divided by 8?
5
Let k be (-3)/((-9)/(-3))*-26. Suppose k = -0*u - 5*u - q, 3*u + 2*q = -10. What is the remainder when 25 is divided by (11 - 8)/(u/(-28))?
11
Suppose -7*u = -6 - 15. What is the remainder when u is divided by (-8)/(-5) + 15/(-25)?
0
Let g be (3 - 2)/(2/6). Let u(k) = k**3 - 2*k**2 - 1. What is the remainder when 15 is divided by u(g)?
7
Suppose 10*q = 7*q + 21. What is the remainder when 18 is divided by q?
4
Let q = 0 - 1. Let a(o) be the first derivative of -11*o**2/2 + o - 1. What is the remainder when a(q) is divided by 7?
5
Suppose -2*d + 2*z = -0 - 2, 2*d + z + 13 = 0. Calculate the remainder when (-14 - -2)*9/d is divided by 15.
12
Calculate the remainder when (-20)/6*330/(-25) is divided by 15.
14
Let b = -51 + -1. Let a = b + 109. Let z = a - 39. Calculate the remainder when 52 is divided by z.
16
Calculate the remainder when 128 is divided by 8/12*6 + (-87)/(-3).
29
Let a = 72 - 55. What is the remainder when a is divided by 3?
2
Let t(q) = q + 2. Suppose -r - 30 = -6*r + 5*c, -5*r + c = -18. Calculate the remainder when 18 is divided by t(r).
3
Suppose -2*w + k = -168 - 93, 2*w = -k + 271. Suppose 4*u - 148 = 4*h, u = -8*h + 3*h + 19. What is the remainder when w is divided by u?
31
Let z(l) = -l**3 + 8*l**2 - 6*l - 6. Suppose -b + 0 = -6. Let i = 34 - 18. What is the remainder when z(b) is divided by i?
14
Let i be 2 - ((-1)/1 - -3). Suppose 0*y + 2*y - 44 = i. Calculate the remainder when y is divided by 4.
2
Suppose 3*w + 4*o - 15 = 0, -w + 5*w + 5*o = 19. Suppose -3*f = -d + 10, 3*f = -2*d - 14 + 52. What is the remainder when 38 is divided by (d - 3 - w) + 1?
12
Suppose 6*v = 10*v. Calculate the remainder when 84 is divided by (-2 - 1) + (32 - v).
26
Suppose 0 = -h + 5*h - 28. Calculate the remainder when h is divided by 3.
1
Let p(t) = -t**3 - 6*t**2 - 2*t + 6. What is the remainder when p(-7) is divided by 35?
34
Let n = -14 + 22. Suppose 0 = -3*w - 3*b + 9, -2*w + n - 2 = -2*b. What is the remainder when w is divided by 2?
1
Suppose 3*a - s = -3, 2*s + 7 = a + 3. Calculate the remainder when ((-7)/(-2))/(a/(-20)) is divided by 12.
11
Suppose -2 + 0 = -u. Suppose 3*w - u*w = 6. Calculate the remainder when w is divided by 4.
2
Suppose 5*d - 73 = -4*o, 2*d - 1 = o - 3. Let h = 17 - o. Calculate the remainder when 24 is divided by h.
4
Suppose 5*y - y - 12 = 0. Let a be 2/((3/10)/y). Let p = a - 12. Calculate the remainder when 14 is divided by p.
6
Suppose 4*c - 5*u - 21 = 0, -3*c + 5*u = 6*u + 8. Let t(y) = y**2 + 2*y + 6. Let l be t(-4). Calculate the remainder when 17 is divided by c - l/(0 - 2).
5
Let z(s) = 21*s**2 - 1. What is the remainder when 38 is divided by z(1)?
18
Suppose 5*w - 23 = 4*w. What is the remainder when w is divided by 12?
11
Let n = -5 - -11. Suppose 55 = n*f - f. Calculate the remainder when (-8 + 2)/3*-16 is divided by f.
10
Let d = 72 + -62. C